31 composite?
True
Is 2540107 a composite number?
True
Is 4034839 composite?
True
Is 57884861 a composite number?
True
Is 232133791 composite?
False
Is 3790997 prime?
False
Is 16996019 a prime number?
False
Is 768301 a composite number?
False
Is 129136093 a prime number?
True
Is 20015687 composite?
False
Is 1536011 prime?
True
Is 2237711 prime?
False
Is 1185337 prime?
True
Is 927886181 prime?
True
Is 866317 composite?
True
Is 419869 a composite number?
True
Is 20624881 a composite number?
False
Is 1024849 prime?
False
Is 7768669 composite?
False
Is 70698799 a prime number?
True
Is 33489199 composite?
True
Is 16421 a composite number?
False
Is 76975109 a composite number?
False
Is 20558449 a prime number?
False
Is 19478443 composite?
False
Is 71516197 a composite number?
False
Is 5741987 prime?
True
Is 227639177 composite?
False
Is 468857 a prime number?
False
Is 120461471 prime?
False
Is 14899349 a prime number?
True
Is 91386857 a composite number?
True
Is 622809439 prime?
False
Is 2369573 a prime number?
False
Is 65292701 a prime number?
True
Is 4064223 composite?
True
Is 174822911 a composite number?
False
Is 10977277 a composite number?
True
Is 12440317 prime?
True
Is 178342559 prime?
True
Is 26704001 a prime number?
True
Is 1178609 a composite number?
False
Is 16995611 composite?
False
Is 238327823 a prime number?
True
Is 21667249 prime?
False
Is 178058981 a prime number?
True
Is 93668749 prime?
False
Is 684059177 a prime number?
True
Is 4706473 composite?
False
Is 28706809 prime?
True
Is 2659143 a composite number?
True
Is 82555589 a prime number?
False
Is 98506 a prime number?
False
Is 1945067 a composite number?
True
Is 98348813 a composite number?
False
Is 28478743 a composite number?
False
Is 163502093 composite?
False
Is 102018997 a composite number?
False
Is 22438267 prime?
True
Is 586099 composite?
True
Is 89402609 a prime number?
False
Is 6135973 a composite number?
False
Is 4521811 prime?
False
Is 15257513 composite?
True
Is 2004331 composite?
True
Is 964397 a prime number?
False
Is 662489 composite?
True
Is 3190909 a prime number?
True
Is 400283959 prime?
False
Is 982211 prime?
True
Is 4343593 composite?
True
Is 11445263 a composite number?
False
Is 83082449 composite?
True
Is 3553217 a prime number?
True
Is 92310367 prime?
True
Is 2376683 a composite number?
False
Is 81142811 composite?
False
Is 23814551 prime?
True
Is 1146583 a prime number?
False
Is 3320969 a prime number?
True
Is 959443 composite?
True
Is 14298187 prime?
True
Is 77576921 a prime number?
True
Is 3861485 composite?
True
Is 12084011 prime?
True
Is 148545357 composite?
True
Is 30872917 a prime number?
True
Is 9974551 composite?
False
Is 368740903 prime?
False
Is 1100543 prime?
True
Is 200637286 a prime number?
False
Is 10185653 prime?
False
Is 4575269 a composite number?
False
Is 815866747 prime?
False
Is 9129877 composite?
False
Is 546269138 a composite number?
True
Is 424471 prime?
True
Is 10786369 composite?
True
Is 11180269 a prime number?
False
Is 7310921 prime?
True
Is 65427989 composite?
True
Is 267653479 a composite number?
False
Is 150001 prime?
True
Is 8936341 a prime number?
True
Is 26888833 composite?
False
Is 152105119 a prime number?
False
Is 6119921 a prime number?
True
Is 344791 composite?
False
Is 13844903 a composite number?
True
Is 19151291 composite?
False
Is 332963441 a prime number?
True
Is 839497 a prime number?
True
Is 33948767 a prime number?
False
Is 1071529 a prime number?
True
Is 118813247 composite?
True
Is 554347 a composite number?
False
Is 13879717 prime?
True
Is 212085163 composite?
True
Is 2408369 composite?
True
Is 36879523 composite?
False
Is 273979 a prime number?
True
Is 836777 a composite number?
True
Is 30388597 composite?
True
Is 263925559 composite?
False
Is 14282077 composite?
False
Is 112068433 a composite number?
False
Is 147040547 a prime number?
False
Is 82894991 composite?
False
Is 3359683 a prime number?
True
Is 5797741 a composite number?
False
Is 434107 prime?
True
Is 60513833 a composite number?
True
Is 46529317 prime?
False
Is 17608517 a prime number?
True
Is 82994599 composite?
True
Is 1027314727 prime?
True
Is 11775437 a composite number?
False
Is 9688501 composite?
False
Is 807359347 prime?
True
Is 708869 composite?
True
Is 138011 a composite number?
True
Is 28979 a composite number?
False
Is 1487917 composite?
False
Is 8723977 prime?
True
Is 56329951 composite?
False
Is 16566691 prime?
True
Is 15142847 a prime number?
True
Is 593331839 prime?
False
Is 6086807 a composite number?
False
Is 26389667 composite?
False
Is 22303 a prime number?
True
Is 24493891 a prime number?
True
Is 104779553 composite?
False
Is 121163023 a composite number?
True
Is 10251743 composite?
True
Is 2475247 prime?
True
Is 1139503 a prime number?
True
Is 301039 a composite number?
False
Is 254439191 prime?
False
Is 16670735 a composite number?
True
Is 8986573 composite?
False
Is 2220839 a composite number?
False
Is 30582707 a prime number?
True
Is 277483 composite?
False
Is 6093671 prime?
True
Is 2288633 composite?
False
Is 13250953 a composite number?
False
Is 386004187 a composite number?
False
Is 1339399 composite?
False
Is 99974053 a composite number?
True
Is 35262907 composite?
False
Is 2684587 composite?
False
Is 5176739 a prime number?
True
Is 20126251 composite?
False
Is 251674039 a composite number?
False
Is 610229 composite?
False
Is 58452973 composite?
False
Is 311921 a composite number?
True
Is 31386317 a prime number?
False
Is 248195419 a prime number?
True
Is 6810931 prime?
False
Is 13064539 a composite number?
False
Is 407040082 composite?
True
Is 602169 composite?
True
Is 91003 prime?
False
Is 19269842 prime?
False
Is 28277653 prime?
True
Is 179242247 prime?
False
Is 13380851 a composite number?
True
Is 3075547 prime?
True
Is 32248327 a prime number?
False
Is 570217 prime?
True
Is 3488651 composite?
True
Is 1447099 prime?
True
Is 5425661 composite?
False
Is 307337897 prime?
True
Is 815123 prime?
True
Is 52377937 a composite number?
False
Is 94480871 a prime number?
False
Is 1656181 a prime number?
False
Is 265687 a prime number?
False
Is 276251081 prime?
True
Is 84847618 composite?
True
Is 5561455 a composite number?
True
Is 195323 a composite number?
True
Is 38555969 a prime number?
False
Is 2049653 a composite number?
True
Is 23687119 prime?
True
Is 38000965 prime?
False
Is 44309513 prime?
True
Is 23351369 composite?
False
Is 8666767 a prime number?
True
Is 191760055 a composite number?
True
Is 8833739 composite?
True
Is 21117311 composite?
False
Is 6627479 composite?
False
Is 6448591 prime?
False
Is 28201921 a prime number?
False
Is 644473987 composite?
True
Is 49780187 prime?
True
Is 2513963 a prime number?
False
Is 92551 prime?
True
Is 42728003 composite?
False
Is 11123158 a prime number?
False
Is 5717429 a composite number?
True
Is 17309023 a composite number?
False
Is 4097647 a prime number?
True
Is 5157731 composite?
False
Is 949171 composite?
False
Is 206689 a prime number?
False
Is 34844801 a composite number?
True
Is 380953497 a prime number?
False
Is 5331995 composite?
True
Is 26196263 prime?
False
Is 56603473 a prime number?
False
Is 3056567 composite?
True
Is 68964703 prime?
True
Is 62224793 a prime number?
False
Is 771153511 prime?
True
Is 13575863 a composite number?
True
Is 130701647 prime?
True
Is 13230571 prime?
False
Is 112518449 a composite number?
False
Is 26367937 a composite number?
False
Is 6560027 prime?
True
Is 187053563 a composite number?
False
Is 64133 a prime number?
False
Is 326145349 prime?
False
Is 4464331 a composite number?
False
Is 302993511 composite?
True
Is 31706357 composite?
False
Is 2280527 a prime number?
False
Is 4971877 prime?
False
Is 16561 composite?
False
Is 808287761 composite?
False
Is 740011 a composite number?
False
Is 19298759 composite?
False
Is 2464349 a composite number?
False
Is 189488099 a composite number?
True
Is 22935431 a prime number?
False
Is 318077931 a composite number?
True
Is 410603021 a composite number?
False
Is 392543 prime?
True
Is 261624511 a prime number?
True
Is 85325363 composite?
True
Is 25964313 a composite number?
True
Is 1850378 a composite number?
True
Is 1504389 prime?
False
Is 154463 prime?
False
Is 1096837 a composite number?
True